{"id":2,"date":"2025-01-30T01:42:44","date_gmt":"2025-01-30T01:42:44","guid":{"rendered":"https:\/\/sitio.blue\/linkmap\/?page_id=2"},"modified":"2025-10-06T16:48:08","modified_gmt":"2025-10-06T16:48:08","slug":"sample-page","status":"publish","type":"page","link":"https:\/\/sitio.blue\/linkmap\/","title":{"rendered":"Por eso creamos Link Map by Sitio.Blue:"},"content":{"rendered":"\n<div class=\"wp-block-cover\"><img loading=\"lazy\" decoding=\"async\" width=\"1024\" height=\"652\" class=\"wp-block-cover__image-background wp-image-29\" alt=\"\" src=\"https:\/\/sitio.blue\/linkmap\/wp-content\/uploads\/sites\/10\/2025\/09\/road-signs-7055475_1280-1024x652.jpg\" data-object-fit=\"cover\" srcset=\"https:\/\/sitio.blue\/linkmap\/wp-content\/uploads\/sites\/10\/2025\/09\/road-signs-7055475_1280-1024x652.jpg 1024w, https:\/\/sitio.blue\/linkmap\/wp-content\/uploads\/sites\/10\/2025\/09\/road-signs-7055475_1280-300x191.jpg 300w, https:\/\/sitio.blue\/linkmap\/wp-content\/uploads\/sites\/10\/2025\/09\/road-signs-7055475_1280-768x489.jpg 768w, https:\/\/sitio.blue\/linkmap\/wp-content\/uploads\/sites\/10\/2025\/09\/road-signs-7055475_1280.jpg 1280w\" sizes=\"auto, (max-width: 1024px) 100vw, 1024px\" \/><span aria-hidden=\"true\" class=\"wp-block-cover__background has-background-dim\"><\/span><div class=\"wp-block-cover__inner-container is-layout-flow wp-block-cover-is-layout-flow\">\n<p class=\"has-text-align-center has-large-font-size\">Todos tus v\u00ednculos,<\/p>\n\n\n\n<p class=\"has-text-align-center has-large-font-size\">Todas tus redes sociales, <\/p>\n\n\n\n<p class=\"has-text-align-center has-large-font-size\">Un mismo lugar&#8230;<\/p>\n<\/div><\/div>\n\n\n\n<p><\/p>\n\n\n\n<p class=\"has-text-align-center has-medium-font-size\">Si tienes m\u00e1s de una red social, haz tenido problemas para que te localicen en l\u00ednea, o simplemente te gustar\u00eda tener todos tus medios de contacto digital en un mismo sitio, entonces LinkMap by Sitio.Blue es para ti.<\/p>\n\n\n\n<p><\/p>\n\n\n\n<div class=\"wp-block-cover has-parallax\"><div class=\"wp-block-cover__image-background wp-image-11 has-parallax\" style=\"background-position:50% 50%;background-image:url(https:\/\/sitio.blue\/linkmap\/wp-content\/uploads\/sites\/10\/2025\/01\/connection-3866751_1280-1024x642.jpg)\"><\/div><span aria-hidden=\"true\" class=\"wp-block-cover__background has-background-dim\"><\/span><div class=\"wp-block-cover__inner-container is-layout-flow wp-block-cover-is-layout-flow\">\n<p class=\"has-text-align-center has-large-font-size\">Con LINK MAP by Sitio Blue tendr\u00e1s:<\/p>\n\n\n\n<ul class=\"wp-block-list\">\n<li class=\"has-medium-font-size\">Todos tus links, redes sociales y canales de contacto digital en un solo lugar, y<\/li>\n\n\n\n<li class=\"has-medium-font-size\">Un dominio UNICO para que todos te encuentren.<\/li>\n<\/ul>\n<\/div><\/div>\n\n\n\n<p><\/p>\n\n\n\n<p class=\"has-text-align-center has-medium-font-size\">Olv\u00eddate de la lista interminable de usuarios y p\u00e1ginas en las diferentes redes sociales,<\/p>\n\n\n\n<p class=\"has-text-align-center has-medium-font-size\">Basta de confusiones con usuarios o p\u00e1ginas con nombres o marcas similares,<\/p>\n\n\n\n<p class=\"has-text-align-center has-medium-font-size\"> Con Link Map by Sitio Blue, tus contactos acceder\u00e1n a tu dominio UNICO y PERSONALIZADO y desde ah\u00ed, podr\u00e1n elegir el m\u00e9todo de contacto que mejor les convenga. <\/p>\n\n\n\n<div class=\"wp-block-cover\"><img loading=\"lazy\" decoding=\"async\" width=\"1024\" height=\"576\" class=\"wp-block-cover__image-background wp-image-33\" alt=\"\" src=\"https:\/\/sitio.blue\/linkmap\/wp-content\/uploads\/sites\/10\/2025\/09\/jump-2731641_1280-1024x576.jpg\" data-object-fit=\"cover\" srcset=\"https:\/\/sitio.blue\/linkmap\/wp-content\/uploads\/sites\/10\/2025\/09\/jump-2731641_1280-1024x576.jpg 1024w, https:\/\/sitio.blue\/linkmap\/wp-content\/uploads\/sites\/10\/2025\/09\/jump-2731641_1280-300x169.jpg 300w, https:\/\/sitio.blue\/linkmap\/wp-content\/uploads\/sites\/10\/2025\/09\/jump-2731641_1280-768x432.jpg 768w, https:\/\/sitio.blue\/linkmap\/wp-content\/uploads\/sites\/10\/2025\/09\/jump-2731641_1280.jpg 1280w\" sizes=\"auto, (max-width: 1024px) 100vw, 1024px\" \/><span aria-hidden=\"true\" class=\"wp-block-cover__background has-background-dim\"><\/span><div class=\"wp-block-cover__inner-container is-layout-flow wp-block-cover-is-layout-flow\">\n<p class=\"has-text-align-center has-large-font-size\">INVERSI\u00d3N: <\/p>\n\n\n\n<p class=\"has-text-align-center has-large-font-size\">745 MXN* por un a\u00f1o.<\/p>\n<\/div><\/div>\n\n\n\n<p>*Vigencia a diciembre 2025<\/p>\n\n\n\n<div class=\"wp-block-buttons alignwide is-content-justification-center is-layout-flex wp-container-core-buttons-is-layout-16018d1d wp-block-buttons-is-layout-flex\">\n<div class=\"wp-block-button\"><a class=\"wp-block-button__link wp-element-button\" href=\"https:\/\/wa.me\/524423639462?text=Estoy%20navegando%20en%20el%20sitio%20de%20linkmap%20by%20sitio%20blue%20y%20quisiera%20informaci\u00f3n\">Pide informes<\/a><\/div>\n<\/div>\n","protected":false},"excerpt":{"rendered":"<p>Si tienes m\u00e1s de una red social, haz tenido problemas para que te localicen en l\u00ednea, o simplemente te gustar\u00eda tener todos tus medios de contacto digital en un mismo sitio, entonces LinkMap by Sitio.Blue es para ti. Olv\u00eddate de la lista interminable de usuarios y p\u00e1ginas en las diferentes redes sociales, Basta de confusiones [&hellip;]<\/p>\n","protected":false},"author":1,"featured_media":0,"parent":0,"menu_order":0,"comment_status":"closed","ping_status":"open","template":"","meta":{"sfsi_plus_gutenberg_text_before_share":"","sfsi_plus_gutenberg_show_text_before_share":"","sfsi_plus_gutenberg_icon_type":"","sfsi_plus_gutenberg_icon_alignemt":"","sfsi_plus_gutenburg_max_per_row":"","footnotes":""},"class_list":["post-2","page","type-page","status-publish","hentry"],"_links":{"self":[{"href":"https:\/\/sitio.blue\/linkmap\/wp-json\/wp\/v2\/pages\/2","targetHints":{"allow":["GET"]}}],"collection":[{"href":"https:\/\/sitio.blue\/linkmap\/wp-json\/wp\/v2\/pages"}],"about":[{"href":"https:\/\/sitio.blue\/linkmap\/wp-json\/wp\/v2\/types\/page"}],"author":[{"embeddable":true,"href":"https:\/\/sitio.blue\/linkmap\/wp-json\/wp\/v2\/users\/1"}],"replies":[{"embeddable":true,"href":"https:\/\/sitio.blue\/linkmap\/wp-json\/wp\/v2\/comments?post=2"}],"version-history":[{"count":16,"href":"https:\/\/sitio.blue\/linkmap\/wp-json\/wp\/v2\/pages\/2\/revisions"}],"predecessor-version":[{"id":63,"href":"https:\/\/sitio.blue\/linkmap\/wp-json\/wp\/v2\/pages\/2\/revisions\/63"}],"wp:attachment":[{"href":"https:\/\/sitio.blue\/linkmap\/wp-json\/wp\/v2\/media?parent=2"}],"curies":[{"name":"wp","href":"https:\/\/api.w.org\/{rel}","templated":true}]}}